n factor of o and 14?
2
Let i(d) be the third derivative of -d**5/60 - d**4/4 - d**3/2 - 3*d**2. Let t be i(-5). Calculate the greatest common divisor of 22 and t.
2
Suppose 2*j + 60 = 4*k, -j = -k + 23 - 6. Calculate the highest common divisor of k and 91.
13
Let b be (-2)/(-12)*-3 + 19/2. Let g = 41 + -23. What is the greatest common divisor of b and g?
9
Suppose -4*u + 7*u = 60. What is the highest common factor of 10 and u?
10
Suppose -3*y + 4*y - 16 = 0. Let c = 20 - y. What is the greatest common divisor of c and 6?
2
Suppose 0 = 4*w + 2*d - 126, 2*w + 62 = 4*w + 2*d. Calculate the greatest common factor of 48 and w.
16
Let w(a) = 13*a**2 + a. Let j be w(-1). Let s(d) = -19*d - 2. Let z be s(-2). What is the greatest common factor of z and j?
12
Let r(l) = 3*l**2 + 4*l - 7. Let v be r(-6). Let q be (2 - 2)*3/6. Suppose 5*o - 2*c + q*c = 43, -15 = -o + 2*c. What is the highest common factor of v and o?
7
Let a be (-1)/(-4) + 22/8. Let x be (-1 + 4)/(6/4). Suppose d - w - 5 = 0, -a*d + x*d + 25 = 3*w. What is the highest common divisor of 110 and d?
10
Suppose 2*y - 6*y + 24 = 0. Suppose -c - 50 = -y*c. What is the greatest common divisor of 5 and c?
5
Let k = 3 - 2. Suppose 3*r + 8 = 5*r. Calculate the highest common divisor of r and k.
1
Let k be (-4)/(-14) - (-204)/119. Calculate the greatest common factor of k and 1.
1
Let u = 36 - 30. Suppose 3*m + 5*c - 19 = 0, -m + 2*c = -2*c + 5. What is the highest common divisor of u and m?
3
Suppose -3*t - c + 235 = 0, 4*t = 2*t + 3*c + 142. What is the greatest common factor of t and 11?
11
Let r be (4/2 - -5)*1. Calculate the highest common factor of r and 35.
7
Let l(q) = 21*q + 7. Let f be l(5). Suppose 5*y = f + 63. Calculate the highest common factor of 7 and y.
7
Let p = 9 + 6. Suppose 0 = -4*d + 5*d - 2*j - 10, d - 5 = 3*j. Suppose -5*w + d = -55. What is the greatest common factor of w and p?
15
Let h = 9 - -13. What is the highest common divisor of h and 88?
22
Let u be 20/(-10)*(-4)/(8/9). Suppose g - 4 = -2. Suppose 4*k + 301 = 3*l, -4*k = g*l + 41 - 235. Calculate the greatest common factor of u and l.
9
Let q = 10 + 24. What is the greatest common divisor of 102 and q?
34
Suppose -2*d + o - 26 = 2*d, -d = -o + 8. Let x be ((-6)/(-4))/((-1)/d). Let n(t) = -t + 21. Let r be n(x). What is the highest common factor of r and 24?
12
Let g = -29 + 44. Calculate the highest common divisor of g and 45.
15
Let s(i) = 14*i**2 - i - 18. Let t be s(6). What is the highest common factor of t and 48?
48
Let f be (-4)/14 + (-4)/(-14). Let i be -2 - (-8 - 1 - -1). Suppose -w + i + 2 = f. Calculate the highest common divisor of 4 and w.
4
Suppose -2*m + 15 = -2*l - 3, l + 2*m = 0. Let n be 33 - (-1)/((-3)/l). What is the highest common factor of n and 7?
7
Let m(q) = q**2 + 7*q + 1. Let w be m(-8). Calculate the greatest common factor of 45 and w.
9
Let v be 62 + (-2 - -1) + (-1 - 0). Calculate the highest common factor of 12 and v.
12
Suppose -2*l = -5*o - 19, -6*o - 2 = 5*l - 2*o. Suppose 3*b + l*t - 39 = 5*t, -2*t = 8. Calculate the highest common factor of b and 1.
1
Let x = 6 + -3. Suppose 3*g = -x*u + 60, -3*g + 2*u + 135 = 2*g. What is the greatest common divisor of g and 10?
5
Suppose c = 2*y + 4*c + 45, 3*c + 90 = -5*y. Let h = y + 31. What is the highest common factor of 40 and h?
8
Suppose -c - 2*m = -21, -2*c + c + m = -30. Suppose -2*g = g - c. Calculate the highest common divisor of 27 and g.
9
Suppose 3*j - 4*v = 47, -2*v + 0 - 4 = 0. Let s be 2*j*(-2)/(-4). Let l be ((-2)/4)/(3/(-624)). What is the greatest common factor of l and s?
13
Let m be 5 + (-5 - -3) - 1. Let t be m/((-6)/8 - -1). Suppose -q + 6*q - 2*l - 112 = 0, -2*l - 40 = -2*q. Calculate the highest common factor of q and t.
8
Let s(u) = 25*u. Let c be s(2). Suppose 5*w + 0*w = c. Suppose -9 - 1 = -z. What is the highest common factor of z and w?
10
Suppose 0 = -2*q + 15 - 5. Suppose 2*t + q = 17. Let f = t + 26. Calculate the highest common factor of f and 4.
4
Let c be ((-16)/10)/((-6)/60). What is the greatest common factor of 80 and c?
16
Let o(c) = -27*c - 3. Let f(u) = 54*u + 7. Let x(s) = 2*f(s) + 5*o(s). Let t be x(-3). What is the greatest common factor of 10 and t?
10
Let i = -25 + 60. Let p = 79 - i. Suppose 0 = -3*k + 2*b + 68, -b = -2*k + 5*k - 65. What is the greatest common divisor of k and p?
22
Let i(y) = 15*y**2 - 3. Let n be i(3). Suppose -5*s + 59 + 1 = 0. What is the greatest common divisor of n and s?
12
Let a(f) = -f**2 + 5*f - 6. Let t be a(5). Let d = t - -10. Suppose -5*k + 7 = -d*k. What is the greatest common divisor of 7 and k?
7
Suppose 0*n = 5*n - 80. Suppose 5*x - x - n = 0. Let z be (-64)/(-6) + x/(-6). What is the highest common divisor of z and 4?
2
Let c(r) = r + 13. Let j be c(-7). Let p = -18 - -33. Suppose 0*x = x - p. What is the greatest common divisor of j and x?
3
Let m = 1 - 4. Let d(t) = -46*t + 2. Let i be d(m). Let v be (-10)/(1*1/(-2)). Calculate the highest common factor of v and i.
20
Suppose 3*c - 25 = -2*c. Let f = 18 - 12. Let m(l) = l**3 - 4*l**2 - 4*l - 3. Let v be m(f). Calculate the greatest common divisor of v and c.
5
Let h be 3 - (0/2 - 0). Let l be 16 - (h - (-2)/(-2)). Calculate the highest common divisor of l and 35.
7
Let a = -242 - -397. What is the greatest common factor of 5 and a?
5
Suppose 0 = 4*p - 10*p + 24. Calculate the highest common divisor of 8 and p.
4
Let p(a) = 7*a**2 - 46*a - 9. Let v be p(7). Calculate the greatest common divisor of v and 21.
3
Suppose -3*q = -7*q. Let r be (-1)/(-1) + q/15. Let t be 1 + (1 - 0) - 0. What is the greatest common factor of r and t?
1
Let t(z) = -4*z + 2*z + 0*z + 17*z**2 + 4*z + 1. Let l be t(-1). What is the greatest common divisor of l and 48?
16
Suppose 96 = 3*p - 0*p. Suppose 4*h - 312 = -p. Calculate the highest common divisor of 7 and h.
7
Suppose 5*w - 5*b - 240 = w, 4*w + 3*b = 272. Calculate the highest common factor of w and 26.
13
Suppose -84 = -5*r + 3*x + 125, 0 = 3*r - 3*x - 123. What is the highest common factor of r and 344?
43
Let s = 26 + -71. Let f = 45 - 76. Let r = f - s. What is the greatest common divisor of r and 70?
14
Let g = -43 - -45. Calculate the highest common factor of g and 16.
2
Let w(v) = -2*v**3 + 6*v**2 - v - 2. Let q be w(4). Let j = q - -68. Calculate the highest common divisor of j and 45.
15
Let j be (2/(-4))/((-1)/24). Suppose -5*v = 2 - j. Suppose v*r = -r + 132. What is the greatest common divisor of r and 4?
4
Let c(b) = b**3 + 6*b**2 - 2*b - 8. Let w be c(-6). Suppose 5*a + 5 = w*a + 4*g, a + 2*g = 13. What is the highest common divisor of a and 49?
7
Let n be -4 - -1 - (-3 + -6). Suppose 2*s - n = 2. Let f be (-148)/(-18) - s/18. What is the greatest common divisor of 64 and f?
8
Let f = 155 - 93. Let l = -36 + f. Calculate the highest common divisor of 39 and l.
13
Let g be 1*(392/8 + -1 + 0). What is the highest common divisor of 336 and g?
48
Let a = 3 - 5. Let z be -1 + 18 - a/2. Suppose 1 - 7 = -3*y. Calculate the greatest common factor of z and y.
2
Suppose 4*s = -3*a + 137, -s = -2*a - 29 - 8. What is the highest common factor of s and 7?
7
Let k = 24 + -12. Suppose 11 = -2*a + p, 5 = p - 0*p. Let h(w) = 8*w**2 + 3*w - 3. Let y be h(a). Calculate the highest common divisor of k and y.
12
Let l be (-13)/(-4) + (-3)/12. What is the greatest common divisor of 33 and l?
3
Suppose 4*p - 35 - 101 = 0. Suppose 3*o - 5*i = -0*i + 34, -p = -4*o + i. Suppose -5*q = -q - 96. What is the greatest common divisor of q and o?
8
Let j be 14 + 1/1 - 1. What is the greatest common divisor of 84 and j?
14
Suppose 0 = -24*r + 15*r + 126. What is the highest common factor of r and 98?
14
Suppose -80 = -3*p - 2*p. Suppose -2*q = a + q - 47, -a + 3*q + 17 = 0. Calculate the highest common divisor of p and a.
16
Let o be (6 - 1/1)/((-17)/(-595)). What is the greatest common divisor of o and 5?
5
Suppose 5*f - 8 = 7. Let z be (-1)/f + 1156/12. Let a be (3/4)/((-1)/(-16)). What is the highest common factor of a and z?
12
Let u(r) = -2*r**2 - 13*r - 2. Let t be u(-6). What is the greatest common factor of t and 64?
4
Suppose 5*a + 3*q = -2*q + 200, 3*a - q = 140. What is the greatest common factor of a and 5?
5
Let g(q) = 17*q - 5. Suppose -x - 2 = -6. Let f be g(x). What is the 